3 + -944. What is the greatest common divisor of 6 and m?
3
Suppose 10 = 2*j + 2. Suppose j*c = 9*c. Suppose c = 5*f + 135 - 365. Calculate the highest common factor of f and 23.
23
Suppose -2*w + 41 = -5*b, 9*w - 4*w = -5*b + 50. What is the greatest common factor of w and 2?
1
Let v be (18/54)/(2/(-6)). Let d be (-78)/(-6) + (-2)/v. Calculate the highest common divisor of 135 and d.
15
Let b = -592 + 1204. What is the highest common factor of b and 36?
36
Suppose 3*y + 5*s - 339 = 0, -5*y = -4*s - 429 - 173. Suppose -y*o + 114*o + 32 = 0. What is the highest common factor of 64 and o?
8
Let q = 3 + -7. Let z(w) = -w**2 - 4*w + 3. Let t be z(q). Suppose -2*b + 5*s + 49 = 0, -t*b - 2*s = -3*s - 41. Calculate the highest common factor of 60 and b.
12
Suppose 320 = 5*r + 60. Calculate the highest common divisor of r and 208.
52
Let t(z) = 1146*z**3 + 3*z**2 + 4*z - 6. Let j be t(1). Calculate the highest common factor of j and 31.
31
Let x(f) = -4*f - 3. Let q = 11 - 13. Let w be x(q). Suppose -s + 23 = -w. What is the greatest common factor of s and 70?
14
Suppose -465 = -3*m + 255. Let w = m + -150. What is the greatest common divisor of w and 10?
10
Suppose -8*u + 36 = 12. Suppose 0 = b + u*b - 2872. Suppose -5*a = -b + 133. What is the greatest common divisor of 13 and a?
13
Suppose 0 = b - 3*b + 78. Let k be 1*3/(-6)*2. Let t be k - (68/(-4) - -3). Calculate the greatest common divisor of b and t.
13
Let p = 8 + 37. Suppose 3*b = 8*k - 3*k + p, -b - 2*k = -15. Suppose 0*n - 2*n = -90. What is the greatest common divisor of n and b?
15
Let y(z) = -5*z + 444. Let p be y(14). What is the highest common factor of 51 and p?
17
Let f = -612 + 996. Calculate the greatest common divisor of f and 96.
96
Let x be (-1)/1 - 179 - 4. Let c = x - -261. What is the greatest common factor of 7 and c?
7
Let i be ((8/(-6))/2)/((-394)/12411). Calculate the greatest common factor of i and 273.
21
Let q be (-5748)/(-10) + 17/85 + 6. What is the greatest common divisor of q and 7?
7
Let y = -9 - -11. Let n = y - 114. Let a be -4*(-7)/(n/(-180)). What is the highest common divisor of a and 9?
9
Suppose m - 14 = 71. Let y = -80 + m. Let g(t) = -t**2 - 6*t + 5. Let d be g(-5). What is the greatest common divisor of d and y?
5
Let o be (-220640)/(-1960) - ((-8)/(-14) + 0). Suppose 0 = 3*d - 3*f - 39, f - 27 = -5*d + 56. What is the highest common factor of d and o?
16
Let v be 9 + (3 - (5 - 3)). Let l(a) = -a**2 + 11*a + 8. Let f be l(v). What is the greatest common divisor of f and 6?
6
Suppose 225 = 5*m - 5*k, 4*k + 3 = 11. Let s = m - 46. What is the greatest common factor of s and 3?
1
Suppose 5*u + 67 = 2*x, -2 = 4*u + 18. Let i = x - 13. Calculate the highest common factor of i and 88.
8
Let m(g) = g**3 + 11*g**2 - 8*g + 8. Let w be m(-11). Suppose 0 = 2*p + 2*p - w. Calculate the highest common divisor of p and 16.
8
Let k(g) = -4*g**2 - 11*g + g**2 - 6 + g**2 + 3*g**2. Let s be k(24). Calculate the highest common factor of s and 18.
18
Suppose 0 = -7*l + 3*l + 2*q + 114, -l + 5*q + 15 = 0. What is the greatest common factor of l and 1500?
30
Suppose 0 = 3*y + 4*c - 68, y + c + 2*c = 21. Suppose -y*k = -26*k + 14. What is the highest common factor of 7 and k?
7
Suppose 0 = 3*t + 2*k - 45 - 19, -3*t + 68 = k. Calculate the highest common factor of 408 and t.
24
Let j(n) = -3*n**2 + 14*n - 15. Let p be j(7). Let y = p - -84. Calculate the greatest common divisor of 50 and y.
10
Let u(a) = -a**3 + 2*a**2 - a. Let l be u(1). Suppose l = -5*q - b - 2*b + 37, 4*q - 3*b = 8. What is the greatest common divisor of 35 and q?
5
Let t(f) = -7*f + 62. Let h be t(-4). Calculate the greatest common divisor of 150 and h.
30
Suppose -h - 15 = -257. Suppose -3*z = z - 88. What is the greatest common factor of h and z?
22
Let l be 19/(-9)*(-4 + -5). Let g be (6/18)/((-2)/12). Let s be g/3 - 920/(-12). What is the highest common divisor of s and l?
19
Let x(s) = s**3 - 6*s + s + 30 + s - 11*s**2. Let b be x(12). Calculate the highest common factor of 14 and b.
14
Suppose -9*c + 4*o + 6224 = -5*c, -c + 1540 = 3*o. Calculate the greatest common factor of 97 and c.
97
Let i be 0/(((-9)/(-1))/(-3)). Suppose 3*c - 5*v = 17, 3*c - 1 = v - i. Let x be (10/6)/(c/(-6)). Calculate the highest common divisor of 4 and x.
2
Let l = 13 - 9. Suppose 0 = -4*p - 5*r - 0*r + 34, 2*p - l = 4*r. Let o(b) = b + 10. Let a be o(p). What is the greatest common divisor of 16 and a?
16
Suppose 5*v + 0*v + 5*k - 870 = 0, -4*k + 16 = 0. What is the greatest common factor of v and 40?
10
Let i(t) = 2*t**2 - 3*t + 4. Let g be i(1). Let x = 4 - -3. Suppose -k = 3*q - 18, -x*k + 3*k = -4*q - 56. What is the highest common divisor of g and k?
3
Let j(v) = -99*v + 5. Let i be j(1). Let m = i - -184. Calculate the highest common divisor of 10 and m.
10
Let m = 85 - 53. Suppose -4*x + 0*x + m = 0. Calculate the highest common divisor of x and 64.
8
Let b = -2320 + 2345. Suppose -m = -8 + 3. What is the greatest common factor of b and m?
5
Let p = 677 - -16. What is the greatest common factor of p and 21?
21
Suppose 141 - 181 = -4*u. Calculate the greatest common divisor of u and 85.
5
Let f(k) = k**2 - 18*k + 5. Let r be f(19). Let v = r - 2. Suppose -4*d + 132 - 44 = 5*z, 0 = -4*d + 3*z + 88. What is the greatest common divisor of v and d?
22
Suppose -4*y = -2*g + 318, 4*y + 814 = 4*g + 174. Suppose -2*j + 30 = -4*q, -19*q + 12 = -16*q. What is the greatest common factor of g and j?
23
Suppose 6*c + 99 = 15*c. What is the greatest common divisor of c and 3?
1
Suppose 5*f = 6*i - 8*i + 1158, 3*i = -5*f + 1162. Calculate the greatest common divisor of 92 and f.
46
Suppose 6*z = z - 10. Let h(s) = -s**3 - s**2 - s + 1. Let o be h(z). Suppose -o*n = -3*n - 36. What is the greatest common divisor of 18 and n?
9
Suppose -39*t + 16123 = -5990. What is the greatest common factor of t and 35?
7
Let p be ((-6)/4)/(-3)*90. Let u be ((-30)/(-12))/((-1)/(-10)). Let z = p - u. Calculate the greatest common divisor of 4 and z.
4
Let j = 513 - 227. What is the highest common factor of j and 154?
22
Let y(p) = p**2 + 13*p + 33. Let a be y(-11). What is the greatest common divisor of a and 253?
11
Let k = -24 + 26. Suppose k*s - 205 = 5*n, -s + 2*s + 2*n = 107. Calculate the highest common factor of 21 and s.
21
Suppose -10*v + 36 + 24 = 0. Suppose -107 = -v*g + 1717. Calculate the greatest common divisor of g and 19.
19
Suppose -b = -0 - 5, 3*c = -4*b + 128. Let m = -42 - -66. What is the greatest common divisor of m and c?
12
Let n be 2 + 3 + -62*1. Let a = -12 - n. Calculate the greatest common factor of 15 and a.
15
Let q be 1/(21/219) + (-129)/301. What is the greatest common divisor of q and 235?
5
Suppose 75*i = 71*i + 80. Calculate the greatest common divisor of i and 12.
4
Let s be (-143)/(-78) - (-2)/12. Suppose -4*x - 108 = -2*g, -4*g + g + s*x = -170. What is the highest common factor of g and 87?
29
Suppose 2*b - 8 - 101 = i, -2*b - 3*i = -89. Calculate the highest common factor of b and 299.
13
Let y = 321 - 110. Suppose -7*c = -153 - y. Suppose -c = -0*w - 2*w. Calculate the highest common factor of 65 and w.
13
Let q be (1 + -5)*(915/(-20) + -5). What is the greatest common divisor of 29 and q?
29
Let w be 40*(-19)/(57/(-6)). What is the highest common divisor of w and 5?
5
Let f = 70 + -39. Let g(h) = -88*h - 316. Let c be g(-5). What is the greatest common factor of c and f?
31
Let h(i) = -10*i + 46. Let n be h(3). Calculate the highest common factor of 4 and n.
4
Suppose -12*f + 109 - 13 = 0. Calculate the greatest common divisor of f and 10.
2
Let b(g) be the first derivative of 3*g**3 - g - 41. Let f be b(-2). Calculate the greatest common factor of f and 10.
5
Let t be (-15 - -13)/((-2)/444). What is the greatest common factor of t and 96?
12
Suppose -16*o - 18 = -18*o. Let f(h) = -h**2 + 11*h. Let k be f(o). Suppose y - 3*y = -12. Calculate the greatest common factor of y and k.
6
Suppose -4*f = -2*p + 12 - 52, f - 20 = 3*p. Suppose -882 = -f*b + b. What is the highest common divisor of b and 14?
14
Let u(d) = -d**3 - 14*d**2 + 15*d + 11. Let b be u(-15). Suppose -5*k - 10 = 3*r, -r - r - b = -k. What is the greatest common factor of k and 7?
1
Let i be (-12)/(-27) - (26043/(-27) - 1). What is the grea